{"id":14,"date":"2023-06-23T07:44:24","date_gmt":"2023-06-23T07:44:24","guid":{"rendered":"https:\/\/wiseinvest.hu\/?page_id=14"},"modified":"2023-06-30T11:08:53","modified_gmt":"2023-06-30T11:08:53","slug":"ahogyan-mukodunk","status":"publish","type":"page","link":"https:\/\/wiseinvest.hu\/?page_id=14","title":{"rendered":"Ahogyan m\u0171k\u00f6d\u00fcnk"},"content":{"rendered":"<h1>Ahogyan m\u0171k\u00f6d\u00fcnk<\/h1>\n<ul class=\"col-md-9\">\n<li>Siker\u00fcnk fokm\u00e9r\u0151je a hat\u00e9konys\u00e1gn\u00f6vel\u00e9s. Felt\u00e1rjuk a val\u00f3s probl\u00e9m\u00e1kat, \u00e9s szak\u00e9rt\u0151inkkel konkr\u00e9t, megval\u00f3s\u00edthat\u00f3, testre szabott megold\u00e1sokat k\u00edn\u00e1lunk \u00fcgyfeleinknek.<\/li>\n<li>Folyamatosan fejleszt\u00fcnk \u00e9s fejl\u0151d\u00fcnk. Munk\u00e1nk kimagasl\u00f3 min\u0151s\u00e9g\u00e9nek z\u00e1loga bels\u0151 m\u0171k\u00f6d\u00e9s\u00fcnk folyamatos fejleszt\u00e9se, az alapos szakember-kiv\u00e1laszt\u00e1s \u00e9s a szakmai tov\u00e1bbk\u00e9pz\u00e9s.<\/li>\n<li>Szorosan egy\u00fctt m\u0171k\u00f6d\u00fcnk partnereinkkel \u00e9s alv\u00e1llalkoz\u00f3inkkal, \u00edgy biztos\u00edtva az \u00e9rt\u00e9kteremt\u0151 l\u00e1nc min\u0151s\u00e9g\u00e9t.<\/li>\n<\/ul>\n<figure class=\"wp-block-image is-resized\"><img loading=\"lazy\" decoding=\"async\" class=\"wp-image-120\" src=\"https:\/\/equistar-cons.hu\/wp-content\/uploads\/2019\/10\/19268-gears-1366x768-3d-wallpaper-1024x576.jpg\" sizes=\"auto, (max-width: 660px) 100vw, 660px\" srcset=\"https:\/\/equistar-cons.hu\/wp-content\/uploads\/2019\/10\/19268-gears-1366x768-3d-wallpaper-1024x576.jpg 1024w, https:\/\/equistar-cons.hu\/wp-content\/uploads\/2019\/10\/19268-gears-1366x768-3d-wallpaper-300x169.jpg 300w, https:\/\/equistar-cons.hu\/wp-content\/uploads\/2019\/10\/19268-gears-1366x768-3d-wallpaper-768x432.jpg 768w, https:\/\/equistar-cons.hu\/wp-content\/uploads\/2019\/10\/19268-gears-1366x768-3d-wallpaper.jpg 1366w\" alt=\"\" width=\"660\" height=\"372\" \/><\/figure>\n","protected":false},"excerpt":{"rendered":"<p>Ahogyan m\u0171k\u00f6d\u00fcnk Siker\u00fcnk fokm\u00e9r\u0151je a hat\u00e9konys\u00e1gn\u00f6vel\u00e9s. Felt\u00e1rjuk a val\u00f3s probl\u00e9m\u00e1kat, \u00e9s szak\u00e9rt\u0151inkkel konkr\u00e9t, megval\u00f3s\u00edthat\u00f3, testre szabott megold\u00e1sokat k\u00edn\u00e1lunk \u00fcgyfeleinknek. Folyamatosan fejleszt\u00fcnk \u00e9s fejl\u0151d\u00fcnk. Munk\u00e1nk kimagasl\u00f3 min\u0151s\u00e9g\u00e9nek z\u00e1loga bels\u0151 m\u0171k\u00f6d\u00e9s\u00fcnk folyamatos fejleszt\u00e9se, az alapos szakember-kiv\u00e1laszt\u00e1s \u00e9s a szakmai tov\u00e1bbk\u00e9pz\u00e9s. Szorosan egy\u00fctt m\u0171k\u00f6d\u00fcnk partnereinkkel \u00e9s alv\u00e1llalkoz\u00f3inkkal, \u00edgy biztos\u00edtva az \u00e9rt\u00e9kteremt\u0151 l\u00e1nc min\u0151s\u00e9g\u00e9t.<\/p>\n","protected":false},"author":2,"featured_media":0,"parent":0,"menu_order":0,"comment_status":"closed","ping_status":"closed","template":"page-template\/custom-home-page.php","meta":{"footnotes":""},"class_list":["post-14","page","type-page","status-publish","hentry"],"_links":{"self":[{"href":"https:\/\/wiseinvest.hu\/index.php?rest_route=\/wp\/v2\/pages\/14","targetHints":{"allow":["GET"]}}],"collection":[{"href":"https:\/\/wiseinvest.hu\/index.php?rest_route=\/wp\/v2\/pages"}],"about":[{"href":"https:\/\/wiseinvest.hu\/index.php?rest_route=\/wp\/v2\/types\/page"}],"author":[{"embeddable":true,"href":"https:\/\/wiseinvest.hu\/index.php?rest_route=\/wp\/v2\/users\/2"}],"replies":[{"embeddable":true,"href":"https:\/\/wiseinvest.hu\/index.php?rest_route=%2Fwp%2Fv2%2Fcomments&post=14"}],"version-history":[{"count":2,"href":"https:\/\/wiseinvest.hu\/index.php?rest_route=\/wp\/v2\/pages\/14\/revisions"}],"predecessor-version":[{"id":62,"href":"https:\/\/wiseinvest.hu\/index.php?rest_route=\/wp\/v2\/pages\/14\/revisions\/62"}],"wp:attachment":[{"href":"https:\/\/wiseinvest.hu\/index.php?rest_route=%2Fwp%2Fv2%2Fmedia&parent=14"}],"curies":[{"name":"wp","href":"https:\/\/api.w.org\/{rel}","templated":true}]}}