{"id":5,"date":"2023-06-20T13:13:46","date_gmt":"2023-06-20T13:13:46","guid":{"rendered":"https:\/\/wiseinvest.hu\/?page_id=5"},"modified":"2024-04-25T10:42:56","modified_gmt":"2024-04-25T10:42:56","slug":"bemutatkozas","status":"publish","type":"page","link":"https:\/\/wiseinvest.hu\/","title":{"rendered":"Bemutatkoz\u00e1s"},"content":{"rendered":"<h1><\/h1>\n<h1>Bemutatkoz\u00e1s<\/h1>\n<p class=\"col-md-9\">2008-ben alap\u00edtott; sz\u00e1z sz\u00e1zal\u00e9kban magyar tulajdonban l\u00e9v\u0151 c\u00e9gk\u00e9nt a k\u00f6zponti k\u00f6zigazgat\u00e1s, az \u00f6nkorm\u00e1nyzatok, a nagyv\u00e1llalatok \u00e9s a kis- \u00e9s k\u00f6z\u00e9pv\u00e1llalatok hat\u00e9konyan egy\u00fcttm\u0171k\u00f6d\u0151, partnere vagyunk. F\u0151 tev\u00e9kenys\u00e9geink,\u00a0 <strong>ir\u00e1ny\u00edt\u00e1si rendszerek kialak\u00edt\u00e1sa \u00e9s m\u0171k\u00f6dtet\u00e9se<\/strong>, valamint <strong>audit \u00e9s \u00e1tvizsg\u00e1l\u00e1s<\/strong>. Kiemelked\u0151 k\u00e9pzetts\u00e9ggel \u00e9s tapasztalattal rendelkez\u0151 szak\u00e9rt\u0151i csapatunkkal a szervezetfejleszt\u00e9st \u00e9s folyamatracionaliz\u00e1l\u00e1st, az igazgat\u00e1sszervez\u00e9st, az informatikai tan\u00e1csad\u00e1st, a p\u00e1ly\u00e1zati tan\u00e1csad\u00e1st, a projektauditot, valamint a projektmenedzsmentet tekintj\u00fck els\u0151dleges m\u0171k\u00f6d\u00e9si ter\u00fcleteinknek.<\/p>\n<p><img loading=\"lazy\" decoding=\"async\" class=\"alignnone wp-image-52\" src=\"https:\/\/wiseinvest.hu\/wp-content\/uploads\/2023\/06\/management.jpg\" alt=\"\" width=\"402\" height=\"225\" srcset=\"https:\/\/wiseinvest.hu\/wp-content\/uploads\/2023\/06\/management.jpg 820w, https:\/\/wiseinvest.hu\/wp-content\/uploads\/2023\/06\/management-300x168.jpg 300w, https:\/\/wiseinvest.hu\/wp-content\/uploads\/2023\/06\/management-768x430.jpg 768w\" sizes=\"auto, (max-width: 402px) 100vw, 402px\" \/><\/p>\n<p class=\"col-md-9\">Szolg\u00e1ltat\u00e1si k\u00edn\u00e1latunk az \u00e9vek sor\u00e1n folyamatosan b\u0151v\u00fclt, \u00edgy az ma m\u00e1r majdnem minden olyan elemet tartalmaz, amely a vezet\u00e9si, illetve az informatikai szak\u00e9rt\u0151i szolg\u00e1ltat\u00e1s t\u00e1rgyk\u00f6r\u00e9be tartozik. Folyamatosan b\u0151v\u00fcl\u0151 \u00fcgyf\u00e9lk\u00f6r\u00fcnk egyre \u00f6sszetettebb projektekkel b\u00edz meg benn\u00fcnket, elismerve dinamikusan fejl\u0151d\u0151 csapatunk hozz\u00e1\u00e1ll\u00e1s\u00e1t \u00e9s szakmai \u00e9rt\u00e9keit.<\/p>\n<p><em>G\u00f3ly\u00e1n\u00e9 Fodor Anik\u00f3<\/em><\/p>\n","protected":false},"excerpt":{"rendered":"<p>Bemutatkoz\u00e1s 2008-ben alap\u00edtott; sz\u00e1z sz\u00e1zal\u00e9kban magyar tulajdonban l\u00e9v\u0151 c\u00e9gk\u00e9nt a k\u00f6zponti k\u00f6zigazgat\u00e1s, az \u00f6nkorm\u00e1nyzatok, a nagyv\u00e1llalatok \u00e9s a kis- \u00e9s k\u00f6z\u00e9pv\u00e1llalatok hat\u00e9konyan egy\u00fcttm\u0171k\u00f6d\u0151, partnere vagyunk. F\u0151 tev\u00e9kenys\u00e9geink,\u00a0 ir\u00e1ny\u00edt\u00e1si rendszerek kialak\u00edt\u00e1sa \u00e9s m\u0171k\u00f6dtet\u00e9se, valamint audit \u00e9s \u00e1tvizsg\u00e1l\u00e1s. Kiemelked\u0151 k\u00e9pzetts\u00e9ggel \u00e9s tapasztalattal rendelkez\u0151 szak\u00e9rt\u0151i csapatunkkal a szervezetfejleszt\u00e9st \u00e9s folyamatracionaliz\u00e1l\u00e1st, az igazgat\u00e1sszervez\u00e9st, az informatikai tan\u00e1csad\u00e1st, a p\u00e1ly\u00e1zati tan\u00e1csad\u00e1st, [&hellip;]<\/p>\n","protected":false},"author":2,"featured_media":0,"parent":0,"menu_order":0,"comment_status":"closed","ping_status":"closed","template":"page-template\/custom-home-page.php","meta":{"footnotes":""},"class_list":["post-5","page","type-page","status-publish","hentry"],"_links":{"self":[{"href":"https:\/\/wiseinvest.hu\/index.php?rest_route=\/wp\/v2\/pages\/5","targetHints":{"allow":["GET"]}}],"collection":[{"href":"https:\/\/wiseinvest.hu\/index.php?rest_route=\/wp\/v2\/pages"}],"about":[{"href":"https:\/\/wiseinvest.hu\/index.php?rest_route=\/wp\/v2\/types\/page"}],"author":[{"embeddable":true,"href":"https:\/\/wiseinvest.hu\/index.php?rest_route=\/wp\/v2\/users\/2"}],"replies":[{"embeddable":true,"href":"https:\/\/wiseinvest.hu\/index.php?rest_route=%2Fwp%2Fv2%2Fcomments&post=5"}],"version-history":[{"count":13,"href":"https:\/\/wiseinvest.hu\/index.php?rest_route=\/wp\/v2\/pages\/5\/revisions"}],"predecessor-version":[{"id":83,"href":"https:\/\/wiseinvest.hu\/index.php?rest_route=\/wp\/v2\/pages\/5\/revisions\/83"}],"wp:attachment":[{"href":"https:\/\/wiseinvest.hu\/index.php?rest_route=%2Fwp%2Fv2%2Fmedia&parent=5"}],"curies":[{"name":"wp","href":"https:\/\/api.w.org\/{rel}","templated":true}]}}